 10223444 + 0?
10223444
In base 12, what is -5 - -a04a3?
a049a
In base 9, what is 181 + 2343?
2534
In base 8, what is 7 + 7457?
7466
In base 7, what is 2 - 1530224?
-1530222
In base 12, what is 34 + 57857?
5788b
In base 9, what is 12131 - 6?
12124
In base 5, what is -110421040 - -4?
-110421031
In base 15, what is 1b4 + -252?
-8d
In base 15, what is -1607 - -344?
-12b3
In base 15, what is c0 + 281?
351
In base 14, what is 1 + 18c?
18d
In base 3, what is -1010202201202 + 11?
-1010202201121
In base 10, what is -88569 - 4?
-88573
In base 15, what is -24 + 224?
200
In base 15, what is -18 + 912?
8e9
In base 7, what is 224564 + -13?
224551
In base 14, what is -3 + -aac4?
-aac7
In base 2, what is -110 + 1110100011111010010?
1110100011111001100
In base 5, what is -32034 + 4334?
-22200
In base 3, what is 121121 + -222112?
-100221
In base 16, what is 2 - 5ecca?
-5ecc8
In base 10, what is 3 + -14363?
-14360
In base 3, what is -2 - 10111222212?
-10111222221
In base 14, what is a5 - d?
96
In base 14, what is -8539 - 1?
-853a
In base 10, what is 10909 - 2?
10907
In base 4, what is 2020122 - -132?
2020320
In base 9, what is -1 - -10676?
10675
In base 9, what is -3887 + -5?
-4003
In base 13, what is -2 + 2bb?
2b9
In base 15, what is 7 + -86b2?
-86aa
In base 15, what is -aa6c + 4?
-aa68
In base 15, what is c48 - -c?
c55
In base 5, what is 0 - -10132222?
10132222
In base 12, what is 1513b + -6?
15135
In base 5, what is -4313244 + 1?
-4313243
In base 11, what is -20 + -1622a?
-1624a
In base 2, what is 101101110100 + -10?
101101110010
In base 4, what is -220200 + 10333?
-203201
In base 4, what is -11300131303 + -1?
-11300131310
In base 9, what is 1 + 67535?
67536
In base 16, what is a3607 + 2?
a3609
In base 13, what is -5 + 6457?
6452
In base 6, what is -2300 - 310?
-3010
In base 5, what is 33240 + -34?
33201
In base 14, what is -52c5 + -18?
-52dd
In base 14, what is 22868 - -7?
22871
In base 2, what is 101 - -1111111011111011?
1111111100000000
In base 13, what is 3 + -4587?
-4584
In base 3, what is -21121012 - 200?
-21121212
In base 14, what is -24 + -3863?
-3887
In base 8, what is -2212353 + -11?
-2212364
In base 12, what is -1 - 19350?
-19351
In base 7, what is 334 - -641?
1305
In base 10, what is -2849 + -84?
-2933
In base 3, what is 111 - 12211010112?
-12211010001
In base 7, what is -4254 + -14?
-4301
In base 4, what is 0 + 1303111202?
1303111202
In base 15, what is 3 - 11466?
-11463
In base 12, what is 9 - 66049?
-66040
In base 6, what is -3 + 423520?
423513
In base 8, what is 0 + -42775?
-42775
In base 15, what is -a - -9e64?
9e59
In base 8, what is -14571 + -164?
-14755
In base 10, what is -4 + 510096?
510092
In base 10, what is -86847 + -3?
-86850
In base 3, what is -122000001 - -2?
-121222222
In base 12, what is -3a - 5749?
-5787
In base 8, what is 15456 + 10?
15466
In base 12, what is 2 + -ab207?
-ab205
In base 10, what is 4 - -43894?
43898
In base 5, what is -11 - 403213?
-403224
In base 5, what is -1 + -13410?
-13411
In base 13, what is 5 - -3220?
3225
In base 9, what is -4364 - -133?
-4231
In base 9, what is -13 + 786?
773
In base 7, what is 26462 + -36?
26423
In base 7, what is 2236 + -33?
2203
In base 14, what is 4 + 380a?
3810
In base 8, what is -21344 + -10?
-21354
In base 14, what is 55b + -69?
4d2
In base 8, what is 7142 - -5?
7147
In base 12, what is 160 - 3?
159
In base 3, what is -121111 + 2122?
-111212
In base 16, what is 3 - -c8f?
c92
In base 14, what is ac - -1?
ad
In base 14, what is -209d5a + 2?
-209d58
In base 11, what is -251 - 861?
-1002
In base 11, what is -245 - -806?
571
In base 5, what is -1 + -120110342?
-120110343
In base 3, what is -112111100 - -11?
-112111012
In base 5, what is 11442 + -2312?
4130
In base 7, what is -20 - 1264440?
-1264460
In base 11, what is -177 - -265?
99
In base 11, what is -11 - -153?
142
In base 5, what is -134413 - -142?
-134221
In base 3, what is -10 + 1002200101?
1002200021
In base 16, what is -7e - 7?
-85
In base 6, what is 5 - 4103020?
-4103011
In base 4, what is 110 + 332111?
332221
In base 12, what is -5 - -30230?
30227
In base 7, what is 2 - 30565?
-30563
In base 3, what is 21020000002 + -1110?
21012221122
In base 7, what is 10 - -3613504?
3613514
In base 4, what is 12 + 212200?
212212
In base 11, what is -2 - 13426?
-13428
In base 14, what is -169 + -b8d?
-d18
In base 8, what is -5174047 - 3?
-5174052
In base 5, what is 111402 + -23?
111324
In base 12, what is -2 - -37172?
37170
In base 15, what is 10 + -e23?
-e13
In base 15, what is 36c62 - 1?
36c61
In base 7, what is -51303 + -2?
-51305
In base 8, what is -502 + -444?
-1146
In base 9, what is 6782477 + 5?
6782483
In base 9, what is 3236 + -1326?
1810
In base 7, what is 4 + -30321?
-30314
In base 9, what is -2601 + -12?
-2613
In base 9, what is -14 + -6274?
-6288
In base 4, what is 13103 - -103312?
123021
In base 10, what is 56 + -3493?
-3437
In base 5, what is 3333341 - -3?
3333344
In base 9, what is 15 - -24?
40
In base 10, what is -73 + 9560?
9487
In base 11, what is -14 + 988a2?
98889
In base 12, what is -805 + -348?
-b51
In base 14, what is -4 + -1cc70?
-1cc74
In base 12, what is -71 + -2b5?
-366
In base 13, what is -11 - 69c?
-6b0
In base 13, what is 5 - -775?
77a
In base 8, what is 505503 - 1?
505502
In base 12, what is 45 - -453?
498
In base 14, what is 1b0 - -240?
410
In base 13, what is -134 - 36?
-16a
In base 3, what is 10010222 - 11000?
2222222
In base 2, what is -101 - 1000100001101?
-1000100010010
In base 5, what is -233 - -133?
-100
In base 5, what is -11 - -320211332?
320211321
In base 15, what is -d9b2 + 2?
-d9b0
In base 10, what is -4806 + 8?
-4798
In base 14, what is -c1 + 82?
-3d
In base 10, what is -74774 - 4?
-74778
In base 8, what is 0 - 64071?
-64071
In base 14, what is 550 - 99?
495
In base 15, what is a + -81b?
-811
In base 3, what is -1101 + -12120022?
-12121200
In base 6, what is -113 - 202121?
-202234
In base 5, what is 4242122341 + 1?
4242122342
In base 9, what is -4 + -2413?
-2417
In base 10, what is -7 + 4297?
4290
In base 6, what is 43420445 - 1?
43420444
In base 15, what is -20e8dd - -5?
-20e8d8
In base 3, what is 101020010110 - 12?
101020010021
In base 2, what is -1001100000 - 1001?
-1001101001
In base 6, what is 101 + 314114?
314215
In base 11, what is 20371 + -29?
20343
In base 7, what is 3456 - -126?
3615
In base 7, what is -3 - -2026400?
2026364
In base 11, what is -949 - -28?
-921
In base 5, what is 121220 + 21?
121241
In base 3, what is 10120211001 - -11?
10120211012
In base 3, what is 210112012 + -122?
210111120
In base 4, what is 2003 - 1213020?
-1211011
In base 16, what is 5 - 5bff5?
-5bff0
In base 5, what is -41 + -3044432?
-3100023
In base 10, what is 36952 + -200?
36752
In base 15, what is -1 - -23?
22
In base 16, what is 24eb + 43?
252e
In base 3, what is 0 - 21010010?
-21010010
In base 3, what is -1002 - -210020222?
210012220
In base 13, what is 73a1 + 6?
73a7
In base 8, what is 2 - 5224306?
-5224304
In base 13, what is -173 + 3cc?
259
In base 8, what is -4470 - -2741?
-1527
In base 5, what is 11104 - 12313?
-1204
In base 6, what is -3150 + 334?
-2412
In base 13, what is -5 + 11026?
11021
In base 4, what is -233213 - -1?
-233212
In base 14, what is -1 - -25c97?
25c96
In base 15, what is 303e2 + -5?
303dc
In base 12, what is 2b3 - 72?
241
In base 16, what is 3e0 + 7?
3e7
In base 6, what is -10415 - 411?
-11230
In base 3, what is 11120121 - -2?
11120200
In base 14, what is 1c5 + 5a5?
78a
In base 11, what is -484 + -5880?
-6254
In base 10, what is 2 + 148?
150
In base 14, what is 97ab - -5?
97b2
In base 5, what is 10 + -133024?
-133014
In base 16, what is e2f + -a?
e25
In base 15, what is 4 - -2842?
2846
In base 5, what is -13 + 24240?
24222
In base 6, what is 231 + -55022?
-54351
In base 6, what is -143 + 14435?
14252
In base 10, what is -168425 + 29?
-168396
In base 5, what is 10032141 + -1?
10032140
In base 10, what is -723 - 1690?
-2413
In base 3, what is -12 + -11221100?
-11221112
In base 10, what is -553 - -3152?
2599
In base 12, what is 18660 + -13?
18649
In base 11, what is -8922 + 26?
-88a7
In base 8, what is 170 + 1125?
1315
In base 12, what is 1046 + 62?
10a8
In base 2, what is 11101100000100 - -10?
11101100000110
In base 8, what is 1 + -63527?
-63526
In base 13, what is -39b70 - -